e factors of 4 - 23*(x - 3)?
2, 5
Suppose 5*m - 9 = 131. Let s(c) = -98 + 27 + m + 6*c + 33. List the prime factors of s(3).
2
Suppose 77060 = -114*q + 683882. What are the prime factors of q?
5323
Suppose 2*l = -c - 559 + 1862, 2*l = -4*c + 1300. Suppose 4*p - q - 1329 = 0, -2*p + 9*q + l = 11*q. List the prime factors of p.
331
Suppose -38 = -15*o + 22. Suppose -o*k + 8 = -y - k, -y + k = 0. Suppose -s + 2*m = -78, 277 = y*s + m - 2*m. What are the prime factors of s?
2, 17
Suppose 114*s = 104*s + 20. Suppose -23*f - 1804 = -w - 21*f, -9060 = -5*w + s*f. What are the prime factors of w?
2, 907
Let k = -6755 - -9173. Let a be -1 + 15 + 1 + -1. Suppose -k = i - a*i. What are the prime factors of i?
2, 3, 31
Let o be (780/70)/((-3)/21). Let m = o + 98. Suppose 0 = 5*h - 5*i - m, 0*i - 14 = -4*h + 2*i. List the prime factors of h.
3
Suppose 0 = -4*f - 5*v - 2, -f - 5*v - 20 = -6*f. Let j be (-13)/26 + 5188/8. Suppose 4*i = -z + 5*z + j, 0 = -f*i - 3*z + 334. List the prime factors of i.
2, 41
Let m(t) = -13057*t - 319. What are the prime factors of m(-2)?
5, 7, 11, 67
Let x = 2944 - 852. What are the prime factors of x?
2, 523
Let a(t) = t**2 + 136*t + 3*t**3 - 134*t - 4*t**3. Let u be a(-2). Suppose -u*f = -3*f - 325. List the prime factors of f.
5, 13
Suppose u + 86 = -8*j + 3*j, 4*u = -4*j - 56. Let f be (-177)/(7/(-21)*j/(-8)). Suppose 3*t = 7*t - f. What are the prime factors of t?
59
Suppose 11 = b + 2*x - 0, 4*x = -b + 17. Let k be (8 - 3)/b - -1803. Suppose 0 = -v - 10*v + k. What are the prime factors of v?
2, 41
Let o(g) = -6*g + 12. Let a be o(4). Let m(c) = c**2 + 10*c + 7. Let d be m(a). Suppose -d*v + 205 = -26*v. What are the prime factors of v?
41
Let t(a) = -a - 8. Let w be t(0). Suppose -s + 3*b - 29 = -2*s, -4*b = 2*s - 64. Let r = s + w. List the prime factors of r.
2, 3, 5
Suppose q = 2*l + 36424, 4*q - 2*q - 72848 = l. List the prime factors of q.
2, 29, 157
Suppose -k + 586 = -2*p, 3*p + 205 = k - 378. Suppose k = -8*w + 4472. List the prime factors of w.
5, 97
Let z(c) = 7*c + 20517. What are the prime factors of z(0)?
3, 7, 977
Suppose -5*c + 14109 = -4*o, -6 + 11 = -5*o. What are the prime factors of c?
7, 13, 31
Suppose -3*p = -5*x + 33 - 1561, 0 = -5*p + 4*x + 2564. Let y = p - 154. What are the prime factors of y?
2, 181
Suppose -7*f = -4*f - 9. Suppose -f*g - 227 = -749. List the prime factors of g.
2, 3, 29
Suppose 5*n + v - 19676 = 0, 2*n + 3*v - 9559 = -1686. List the prime factors of n.
5, 787
Let o = 176 + -179. What are the prime factors of ((-3)/(-2))/(5*o/(-870))?
3, 29
Let r(l) = -2*l**2 + 25*l + 46. Let g be r(14). Suppose 35*u - g*u = 39959. What are the prime factors of u?
1289
Let n(k) = 2*k**3 - 23*k**2 + 7*k + 2. Let o be n(12). Let f = o + -116. What are the prime factors of f?
2, 3, 19
Let g(s) = s**2 - 10*s + 7. Let w be g(6). Let u be (1*-1)/((-15)/825). Let m = u + w. What are the prime factors of m?
2, 19
Suppose -52936 = -b + 141*w - 146*w, -2*b + 105860 = 4*w. List the prime factors of b.
2, 3, 8821
List the prime factors of (-52)/(-130) - (2 + 18/(-15)*17423).
2, 10453
Let f = -86 - -88. Let z = -54 - -54. Suppose z*x - 196 = -f*x. What are the prime factors of x?
2, 7
Let x(q) = 79*q + 1272. List the prime factors of x(-8).
2, 5
Suppose 0 = 2*y + 4*s - 7074, 5*y - 4081 - 13660 = 4*s. List the prime factors of y.
5, 709
Let l = 41009 + -26660. List the prime factors of l.
3, 4783
Let i be 0 - -4 - 0/18. Suppose -24 = 3*y - i*h - 0*h, -4*y - 19 = -h. What are the prime factors of ((-154)/y)/((-16)/(-32))?
7, 11
What are the prime factors of (-2)/(4/14) + (10083 - -16)?
2, 3, 29
Let t(h) = 20*h + 33. Let b = 47 - 111. Let p = b - -77. List the prime factors of t(p).
293
Let x(v) be the second derivative of -7*v**3/2 - 87*v**2/2 - 7*v. List the prime factors of x(-11).
2, 3
Let j(n) = 10*n**3 + n**2 - 3*n + 1. Let h be j(1). Suppose -h*o + 47 - 2 = 0. Suppose 0 = -a + 4*c + 113 + 57, -510 = -3*a + o*c. List the prime factors of a.
2, 5, 17
Let r(b) = -413*b + 4257. List the prime factors of r(-21).
2, 3, 5, 431
Suppose 0 = -4*y + v - 16100 + 40850, 5*y - 5*v = 30945. What are the prime factors of y?
23, 269
Suppose -4*y + 1960 = h - 7*y, 0 = -4*h + 3*y + 7849. What are the prime factors of h?
13, 151
Suppose -3*j + 2734 + 65 = 0. Suppose 0 = -82*t + 80*t - 3*i + j, -5*t + 4*i = -2367. List the prime factors of t.
3, 157
Let s(i) = -17*i + 160. Let j be s(10). List the prime factors of (-292)/(-6) - j/(-6).
47
Let b(f) be the first derivative of 13*f**3/3 + 67*f**2/2 + 3*f - 136. What are the prime factors of b(-13)?
3, 443
Suppose -5*w + 1384 = 2*m + 58, -3*m + w = -2040. What are the prime factors of m?
2, 3, 113
Let p(m) = 12*m - 44. Let l = 2 + 83. Let a = l + -60. List the prime factors of p(a).
2
Suppose 4*l = 3*f + 31, 3*l - 10 = -2*l - 2*f. Suppose 4*p + 5*u = 775, -l*u + 17 = -5*p + 996. What are the prime factors of p?
3, 5, 13
Let q(b) be the third derivative of 7*b**5/10 + 13*b**4/24 + 37*b**3/6 - 50*b**2. What are the prime factors of q(-5)?
2, 7, 73
Let f = -4552 + 8089. What are the prime factors of f?
3, 131
Let t be ((-1)/(-6))/1 + 5464/48. Let m = 106 + t. Let s = m - 93. List the prime factors of s.
127
Let t(s) = -s**3 + 4*s**2 + s + 1. Let d be t(4). Let v be 63/(-21) + 8 + 0. Suppose -46 = -2*f + m, f - d*m - v = -0*f. List the prime factors of f.
5
Let h = -58 - -54. Let y(s) = 64*s**2 - 19*s - 95. What are the prime factors of y(h)?
3, 5, 67
Let k = 8036 + -3534. What are the prime factors of k?
2, 2251
Suppose -4*x - 17 - 35 = 0. Let w(v) = 9*v**2 + 6*v - 20. Let z(b) = 2*b**2 + 2*b + 1. Let j(y) = w(y) - 4*z(y). What are the prime factors of j(x)?
3, 19
Suppose 2*o - 17368 = 14*n - 19*n, 0 = 2*o - n - 17320. What are the prime factors of o?
2, 3, 19
Let d = 5449 + -2124. What are the prime factors of d?
5, 7, 19
Suppose -2*n + 716 = 2*n. Let x be 1/(-1*(-2 + (-692)/(-344))). Let h = x + n. List the prime factors of h.
3, 31
Suppose 6*q = -6*q + 7272. Let m = -92 + q. List the prime factors of m.
2, 257
Suppose -5*q + 687 = 22. Let o be ((-38)/3)/((-1)/2094). What are the prime factors of o/q + (-3)/7?
199
Let v = -3883 + 5317. What are the prime factors of v?
2, 3, 239
List the prime factors of ((-348)/10)/((-47)/9870).
2, 3, 7, 29
Suppose 0 = -4*m - 4, 0 = 332*p - 334*p - 2*m + 5164. What are the prime factors of p?
3, 7, 41
Let l(n) = 32*n**2 - 7*n + 408. What are the prime factors of l(-25)?
3, 2287
Suppose -4030 = -90*l + 80*l. Let j = l + -302. What are the prime factors of j?
101
Suppose -5*h = -24 - 1. Suppose 3*k - h*j + 21 = 7*k, -j = 4*k - 17. Suppose 2*r = 3*p + 317, 610 = k*r + 2*p - 0*p. What are the prime factors of r?
2, 7, 11
Let q = -327 + 327. Suppose 2*r - 4*g - 845 = 691, q = 5*r - 5*g - 3820. List the prime factors of r.
2, 5, 19
Let a be (55/10 + -5)*0. Suppose -5*n = -a*n - 2345. What are the prime factors of n?
7, 67
Let t = 697 - 312. Let w = 633 - t. What are the prime factors of w?
2, 31
Let k be -1*(-7)/(28/12). Let f be (-4)/(12/k) - 11. Let s = 48 - f. What are the prime factors of s?
2, 3, 5
Let o be (12/((-12)/(-4)))/2. Suppose -3*k = 9, o*t = -3*k - 85 + 908. Suppose t = 20*a - 16*a. List the prime factors of a.
2, 13
Let p = 2645 - -1172. List the prime factors of p.
11, 347
Let p be 4/(-6) + 579/(-9). Let g = p - -203. Suppose n - g = -n. What are the prime factors of n?
3, 23
Let b(f) = -11*f + 79. Let j be b(7). What are the prime factors of 10 + 128 - (3 + j)?
7, 19
Let f be 42*((-1)/6*-33 + 112/(-16)). Suppose 3*n + 2*s - 546 = -s, -5*n + 3*s + 926 = 0. Let c = n + f. What are the prime factors of c?
11
Suppose -428*v + 879*v = 435*v + 593280. List the prime factors of v.
2, 3, 5, 103
Let l(m) = 2829*m**2 - 34*m + 48. What are the prime factors of l(-3)?
3, 8537
Let z = 260 - -6856. What are the prime factors of z?
2, 3, 593
Let g(i) = -i**3 - 13*i + 12 + 3*i**3 - i**3. Let d(f) = 5*f**2 + 31*f + 11. Let m be d(-6). What are the prime factors of g(m)?
2, 3
Let f(t) = 6*t**2 + 202*t + 6976. What are the prime factors of f(-71)?
2, 5, 11, 13
Let v = -27630 - -42554. List the prime factors of v.
2, 7, 13, 41
Suppose -7*b - 13 = 1. What are the prime factors of b/(-6) - 22582/(-42)?
2, 269
Let f = 21514 - 10011. What are the prime 